{"id":31,"date":"2020-10-21T23:03:05","date_gmt":"2020-10-21T23:03:05","guid":{"rendered":"http:\/\/www.podc.org\/podc2021\/?page_id=31"},"modified":"2021-10-29T14:41:40","modified_gmt":"2021-10-29T14:41:40","slug":"program-committee","status":"publish","type":"page","link":"https:\/\/www.podc.org\/podc2021\/program-committee\/","title":{"rendered":"Program committee"},"content":{"rendered":"\n<ul class=\"wp-block-list\"><li>James Aspnes, Yale University, USA<\/li><li>Sepehr Assadi, Rutgers University, USA<\/li><li>Alkida Balliu, University of Freiburg, Germany<\/li><li>Petra Berenbrink, University of Hamburg, Germany<\/li><li>Trevor Brown, University of Waterloo, Canada<\/li><li>Janna Burman, Universit\u00e9 Paris-Saclay, CNRS, LISN, France<\/li><li>Armando Casta\u00f1eda, Instituto de Matem\u00e1ticas, UNAM, Mexico<\/li><li>Keren Censor-Hillel (chair), Technion, Israel<\/li><li>Peter Davies, IST Austria, Austria<\/li><li>Pascal Felber, University of Neuch\u00e2tel, Switzerland<\/li><li>Paola Flocchini, University of Ottawa, Canada<\/li><li>Pierre Fraigniaud, Universit\u00e9 de Paris and CNRS, France<\/li><li>Ran Gelles, Bar-Ilan University, Israel<\/li><li>Mohsen Ghaffari, ETH Zurich, Switzerland<\/li><li>George Giakkoupis, INRIA, France<\/li><li>Alexey Gotsman, IMDEA Software Institute, Spain<\/li><li>Vincent Gramoli, University of Sydney, Australia<\/li><li>Magn\u00fas M. Halld\u00f3rsson, Reykjavik University, Iceland<\/li><li>Valerie King, University of Victoria, Canada<\/li><li>Jakub \u0141\u0105cki, Google Research, USA<\/li><li>Fran\u00e7ois Le Gall, Nagoya University, Japan<\/li><li>Yoram Moses, Technion, Israel<\/li><li>Calvin Newport, Georgetown University, USA<\/li><li>Merav Parter, Weizmann Institute of Science, Israel<\/li><li>Arpita Patra, Indian Institute of Science, India<\/li><li>Boaz Patt-Shamir, Tel Aviv University, Israel<\/li><li>Andrzej Pelc, Universit\u00e9 du Qu\u00e9bec en Outaouais, Canada<\/li><li>Peter Pietzuch, Imperial College London, UK<\/li><li>Maria Potop-Butucaru, Sorbonne Universit\u00e9 &#8211; LIP6, France<\/li><li>Andrea Richa, Arizona State University, USA<\/li><li>Christian Scheideler, Paderborn University, Germany<\/li><li>Stefan Schmid, University of Vienna, Austria<\/li><li>Alexander Spiegelman, Novi, USA<\/li><li>Gadi Taubenfeld, IDC, Israel<\/li><li>Josef Widder, Informal Systems, Austria<\/li><li>Philipp Woelfel, University of Calgary, Canada<\/li><li>Vassilis Zikas, University of Edinburgh and Purdue University, UK<\/li><\/ul>\n","protected":false},"excerpt":{"rendered":"<p>James Aspnes, Yale University, USA Sepehr Assadi, Rutgers University, USA Alkida Balliu, University of Freiburg, Germany Petra Berenbrink, University of Hamburg, Germany Trevor Brown, University of Waterloo, Canada Janna Burman, Universit\u00e9 Paris-Saclay, CNRS, LISN, France Armando Casta\u00f1eda, Instituto de Matem\u00e1ticas, UNAM, Mexico Keren Censor-Hillel (chair), Technion, Israel Peter Davies, IST Austria, Austria Pascal Felber, University &hellip; <a href=\"https:\/\/www.podc.org\/podc2021\/program-committee\/\" class=\"more-link\">Continue reading<span class=\"screen-reader-text\"> &#8220;Program committee&#8221;<\/span><\/a><\/p>\n","protected":false},"author":2,"featured_media":0,"parent":0,"menu_order":0,"comment_status":"closed","ping_status":"closed","template":"","meta":{"footnotes":""},"class_list":["post-31","page","type-page","status-publish","hentry"],"_links":{"self":[{"href":"https:\/\/www.podc.org\/podc2021\/wp-json\/wp\/v2\/pages\/31","targetHints":{"allow":["GET"]}}],"collection":[{"href":"https:\/\/www.podc.org\/podc2021\/wp-json\/wp\/v2\/pages"}],"about":[{"href":"https:\/\/www.podc.org\/podc2021\/wp-json\/wp\/v2\/types\/page"}],"author":[{"embeddable":true,"href":"https:\/\/www.podc.org\/podc2021\/wp-json\/wp\/v2\/users\/2"}],"replies":[{"embeddable":true,"href":"https:\/\/www.podc.org\/podc2021\/wp-json\/wp\/v2\/comments?post=31"}],"version-history":[{"count":3,"href":"https:\/\/www.podc.org\/podc2021\/wp-json\/wp\/v2\/pages\/31\/revisions"}],"predecessor-version":[{"id":120,"href":"https:\/\/www.podc.org\/podc2021\/wp-json\/wp\/v2\/pages\/31\/revisions\/120"}],"wp:attachment":[{"href":"https:\/\/www.podc.org\/podc2021\/wp-json\/wp\/v2\/media?parent=31"}],"curies":[{"name":"wp","href":"https:\/\/api.w.org\/{rel}","templated":true}]}}